[INFO] cloning repository https://github.com/qvantor/life-wasm
[INFO] running `Command { std: "git" "-c" "credential.helper=" "-c" "credential.helper=/workspace/cargo-home/bin/git-credential-null" "clone" "--bare" "https://github.com/qvantor/life-wasm" "/workspace/cache/git-repos/https%3A%2F%2Fgithub.com%2Fqvantor%2Flife-wasm", kill_on_drop: false }`
[INFO] [stderr] Cloning into bare repository '/workspace/cache/git-repos/https%3A%2F%2Fgithub.com%2Fqvantor%2Flife-wasm'...
[INFO] running `Command { std: "git" "rev-parse" "HEAD", kill_on_drop: false }`
[INFO] [stdout] 72e63089327e5e159b1700fa3f0ef84033313c4b
[INFO] checking qvantor/life-wasm against try#72f88fc4e9458f89516a0b8b0868f3718aec5b47 for pr-74989
[INFO] running `Command { std: "git" "clone" "/workspace/cache/git-repos/https%3A%2F%2Fgithub.com%2Fqvantor%2Flife-wasm" "/workspace/builds/worker-0/source", kill_on_drop: false }`
[INFO] [stderr] Cloning into '/workspace/builds/worker-0/source'...
[INFO] [stderr] done.
[INFO] validating manifest of git repo https://github.com/qvantor/life-wasm on toolchain 72f88fc4e9458f89516a0b8b0868f3718aec5b47
[INFO] running `Command { std: "/workspace/cargo-home/bin/cargo" "+72f88fc4e9458f89516a0b8b0868f3718aec5b47" "read-manifest" "--manifest-path" "Cargo.toml", kill_on_drop: false }`
[INFO] started tweaking git repo https://github.com/qvantor/life-wasm
[INFO] finished tweaking git repo https://github.com/qvantor/life-wasm
[INFO] tweaked toml for git repo https://github.com/qvantor/life-wasm written to /workspace/builds/worker-0/source/Cargo.toml
[INFO] crate git repo https://github.com/qvantor/life-wasm already has a lockfile, it will not be regenerated
[INFO] running `Command { std: "/workspace/cargo-home/bin/cargo" "+72f88fc4e9458f89516a0b8b0868f3718aec5b47" "fetch" "--locked" "--manifest-path" "Cargo.toml", kill_on_drop: false }`
[INFO] running `Command { std: "docker" "create" "-v" "/var/lib/crater-agent-workspace/builds/worker-0/target:/opt/rustwide/target:rw,Z" "-v" "/var/lib/crater-agent-workspace/builds/worker-0/source:/opt/rustwide/workdir:ro,Z" "-v" "/var/lib/crater-agent-workspace/cargo-home:/opt/rustwide/cargo-home:ro,Z" "-v" "/var/lib/crater-agent-workspace/rustup-home:/opt/rustwide/rustup-home:ro,Z" "-e" "SOURCE_DIR=/opt/rustwide/workdir" "-e" "CARGO_TARGET_DIR=/opt/rustwide/target" "-e" "CARGO_HOME=/opt/rustwide/cargo-home" "-e" "RUSTUP_HOME=/opt/rustwide/rustup-home" "-w" "/opt/rustwide/workdir" "-m" "1610612736" "--user" "0:0" "--network" "none" "rustops/crates-build-env@sha256:d92eaeed33fa75130ca1ee6c8a01d1ffb62bac859dfdfb3450e3e5d1c0146529" "/opt/rustwide/cargo-home/bin/cargo" "+72f88fc4e9458f89516a0b8b0868f3718aec5b47" "metadata" "--no-deps" "--format-version=1", kill_on_drop: false }`
[INFO] [stdout] 7d8f63ea24e5f46771736a39a689b8c15b9863ccbaa3b18d8496d31312084794
[INFO] [stderr] WARNING: Your kernel does not support swap limit capabilities or the cgroup is not mounted. Memory limited without swap.
[INFO] running `Command { std: "docker" "start" "-a" "7d8f63ea24e5f46771736a39a689b8c15b9863ccbaa3b18d8496d31312084794", kill_on_drop: false }`
[INFO] running `Command { std: "docker" "inspect" "7d8f63ea24e5f46771736a39a689b8c15b9863ccbaa3b18d8496d31312084794", kill_on_drop: false }`
[INFO] running `Command { std: "docker" "rm" "-f" "7d8f63ea24e5f46771736a39a689b8c15b9863ccbaa3b18d8496d31312084794", kill_on_drop: false }`
[INFO] [stdout] 7d8f63ea24e5f46771736a39a689b8c15b9863ccbaa3b18d8496d31312084794
[INFO] running `Command { std: "docker" "create" "-v" "/var/lib/crater-agent-workspace/builds/worker-0/target:/opt/rustwide/target:rw,Z" "-v" "/var/lib/crater-agent-workspace/builds/worker-0/source:/opt/rustwide/workdir:ro,Z" "-v" "/var/lib/crater-agent-workspace/cargo-home:/opt/rustwide/cargo-home:ro,Z" "-v" "/var/lib/crater-agent-workspace/rustup-home:/opt/rustwide/rustup-home:ro,Z" "-e" "SOURCE_DIR=/opt/rustwide/workdir" "-e" "CARGO_TARGET_DIR=/opt/rustwide/target" "-e" "CARGO_INCREMENTAL=0" "-e" "RUST_BACKTRACE=full" "-e" "RUSTFLAGS=--cap-lints=forbid" "-e" "CARGO_HOME=/opt/rustwide/cargo-home" "-e" "RUSTUP_HOME=/opt/rustwide/rustup-home" "-w" "/opt/rustwide/workdir" "-m" "1610612736" "--user" "0:0" "--network" "none" "rustops/crates-build-env@sha256:d92eaeed33fa75130ca1ee6c8a01d1ffb62bac859dfdfb3450e3e5d1c0146529" "/opt/rustwide/cargo-home/bin/cargo" "+72f88fc4e9458f89516a0b8b0868f3718aec5b47" "check" "--frozen" "--all" "--all-targets" "--message-format=json", kill_on_drop: false }`
[INFO] [stdout] 3a2f6674b252191fc6418d59b94a7562f74eb4d5b3fc06dc4af504e44d96eb2b
[INFO] [stderr] WARNING: Your kernel does not support swap limit capabilities or the cgroup is not mounted. Memory limited without swap.
[INFO] running `Command { std: "docker" "start" "-a" "3a2f6674b252191fc6418d59b94a7562f74eb4d5b3fc06dc4af504e44d96eb2b", kill_on_drop: false }`
[INFO] [stderr]    Compiling unicode-xid v0.2.0
[INFO] [stderr]    Compiling cfg-if v0.1.10
[INFO] [stderr]    Compiling syn v1.0.5
[INFO] [stderr]    Compiling wasm-bindgen-shared v0.2.50
[INFO] [stderr]    Compiling unicode-xid v0.1.0
[INFO] [stderr]    Compiling bumpalo v2.6.0
[INFO] [stderr]    Compiling cc v1.0.45
[INFO] [stderr]    Compiling syn v0.15.44
[INFO] [stderr]    Compiling version_check v0.1.5
[INFO] [stderr]    Compiling memchr v2.2.1
[INFO] [stderr]    Compiling getrandom v0.1.12
[INFO] [stderr]    Compiling wasm-bindgen v0.2.50
[INFO] [stderr]     Checking lazy_static v1.4.0
[INFO] [stderr]     Checking ppv-lite86 v0.2.5
[INFO] [stderr]    Compiling sourcefile v0.1.4
[INFO] [stderr]    Compiling libc v0.2.62
[INFO] [stderr]    Compiling log v0.4.8
[INFO] [stderr]    Compiling proc-macro2 v0.4.30
[INFO] [stderr]    Compiling proc-macro2 v1.0.4
[INFO] [stderr]    Compiling nom v4.2.3
[INFO] [stderr]     Checking rand_core v0.5.1
[INFO] [stderr]     Checking c2-chacha v0.2.2
[INFO] [stderr]    Compiling quote v1.0.2
[INFO] [stderr]    Compiling quote v0.6.13
[INFO] [stderr]     Checking rand_chacha v0.2.1
[INFO] [stderr]    Compiling backtrace-sys v0.1.31
[INFO] [stderr]     Checking rand v0.7.2
[INFO] [stderr]    Compiling backtrace v0.3.38
[INFO] [stderr]    Compiling weedle v0.10.0
[INFO] [stderr]    Compiling synstructure v0.10.2
[INFO] [stderr]    Compiling wasm-bindgen-backend v0.2.50
[INFO] [stderr]    Compiling failure_derive v0.1.5
[INFO] [stderr]    Compiling failure v0.1.5
[INFO] [stderr]    Compiling wasm-bindgen-macro-support v0.2.50
[INFO] [stderr]    Compiling wasm-bindgen-webidl v0.2.50
[INFO] [stderr]    Compiling wasm-bindgen-macro v0.2.50
[INFO] [stderr]    Compiling web-sys v0.3.27
[INFO] [stderr]     Checking js-sys v0.3.27
[INFO] [stdout] error: return value of constructor must be a bare path
[INFO] [stdout]     --> /opt/rustwide/cargo-home/registry/src/github.com-1ecc6299db9ec823/js-sys-0.3.27/src/lib.rs:4533:13
[INFO] [stdout]      |
[INFO] [stdout] 4533 | /             /// The
[INFO] [stdout] 4534 | |             #[doc = $ctor]
[INFO] [stdout] 4535 | |             /// constructor creates an array of unsigned 8-bit integers.
[INFO] [stdout] 4536 | |             ///
[INFO] [stdout] ...    |
[INFO] [stdout] 4540 | |             #[wasm_bindgen(constructor)]
[INFO] [stdout] 4541 | |             pub fn new(constructor_arg: &JsValue) -> $name;
[INFO] [stdout]      | |___________________________________________________________^
[INFO] [stdout] ...
[INFO] [stdout] 4692 | / arrays! {
[INFO] [stdout] 4693 | |     /// `Int8Array()`
[INFO] [stdout] 4694 | |     /// https://developer.mozilla.org/en-US/docs/Web/JavaScript/Reference/Global_Objects/Int8Array
[INFO] [stdout] 4695 | |     Int8Array: i8,
[INFO] [stdout] ...    |
[INFO] [stdout] 4727 | |     Float64Array: f64,
[INFO] [stdout] 4728 | | }
[INFO] [stdout]      | |_- in this macro invocation
[INFO] [stdout]      |
[INFO] [stdout]      = note: this error originates in a macro (in Nightly builds, run with -Z macro-backtrace for more info)
[INFO] [stdout] 
[INFO] [stdout] 
[INFO] [stdout] error: return value of constructor must be a bare path
[INFO] [stdout]     --> /opt/rustwide/cargo-home/registry/src/github.com-1ecc6299db9ec823/js-sys-0.3.27/src/lib.rs:4543:13
[INFO] [stdout]      |
[INFO] [stdout] 4543 | /             /// An
[INFO] [stdout] 4544 | |             #[doc = $ctor]
[INFO] [stdout] 4545 | |             /// which creates an array with an internal buffer large
[INFO] [stdout] 4546 | |             /// enough for `length` elements.
[INFO] [stdout] ...    |
[INFO] [stdout] 4551 | |             #[wasm_bindgen(constructor)]
[INFO] [stdout] 4552 | |             pub fn new_with_length(length: u32) -> $name;
[INFO] [stdout]      | |_________________________________________________________^
[INFO] [stdout] ...
[INFO] [stdout] 4692 | / arrays! {
[INFO] [stdout] 4693 | |     /// `Int8Array()`
[INFO] [stdout] 4694 | |     /// https://developer.mozilla.org/en-US/docs/Web/JavaScript/Reference/Global_Objects/Int8Array
[INFO] [stdout] 4695 | |     Int8Array: i8,
[INFO] [stdout] ...    |
[INFO] [stdout] 4727 | |     Float64Array: f64,
[INFO] [stdout] 4728 | | }
[INFO] [stdout]      | |_- in this macro invocation
[INFO] [stdout]      |
[INFO] [stdout]      = note: this error originates in a macro (in Nightly builds, run with -Z macro-backtrace for more info)
[INFO] [stdout] 
[INFO] [stdout] 
[INFO] [stdout] error: return value of constructor must be a bare path
[INFO] [stdout]     --> /opt/rustwide/cargo-home/registry/src/github.com-1ecc6299db9ec823/js-sys-0.3.27/src/lib.rs:4554:13
[INFO] [stdout]      |
[INFO] [stdout] 4554 | /             /// An
[INFO] [stdout] 4555 | |             #[doc = $ctor]
[INFO] [stdout] 4556 | |             /// which creates an array with the given buffer but is a
[INFO] [stdout] 4557 | |             /// view starting at `byte_offset`.
[INFO] [stdout] ...    |
[INFO] [stdout] 4562 | |             #[wasm_bindgen(constructor)]
[INFO] [stdout] 4563 | |             pub fn new_with_byte_offset(buffer: &JsValue, byte_offset: u32) -> $name;
[INFO] [stdout]      | |_____________________________________________________________________________________^
[INFO] [stdout] ...
[INFO] [stdout] 4692 | / arrays! {
[INFO] [stdout] 4693 | |     /// `Int8Array()`
[INFO] [stdout] 4694 | |     /// https://developer.mozilla.org/en-US/docs/Web/JavaScript/Reference/Global_Objects/Int8Array
[INFO] [stdout] 4695 | |     Int8Array: i8,
[INFO] [stdout] ...    |
[INFO] [stdout] 4727 | |     Float64Array: f64,
[INFO] [stdout] 4728 | | }
[INFO] [stdout]      | |_- in this macro invocation
[INFO] [stdout]      |
[INFO] [stdout]      = note: this error originates in a macro (in Nightly builds, run with -Z macro-backtrace for more info)
[INFO] [stdout] 
[INFO] [stdout] 
[INFO] [stdout] error: return value of constructor must be a bare path
[INFO] [stdout]     --> /opt/rustwide/cargo-home/registry/src/github.com-1ecc6299db9ec823/js-sys-0.3.27/src/lib.rs:4565:13
[INFO] [stdout]      |
[INFO] [stdout] 4565 | /             /// An
[INFO] [stdout] 4566 | |             #[doc = $ctor]
[INFO] [stdout] 4567 | |             /// which creates an array with the given buffer but is a
[INFO] [stdout] 4568 | |             /// view starting at `byte_offset` for `length` elements.
[INFO] [stdout] ...    |
[INFO] [stdout] 4577 | |                 length: u32,
[INFO] [stdout] 4578 | |             ) -> $name;
[INFO] [stdout]      | |_______________________^
[INFO] [stdout] ...
[INFO] [stdout] 4692 | / arrays! {
[INFO] [stdout] 4693 | |     /// `Int8Array()`
[INFO] [stdout] 4694 | |     /// https://developer.mozilla.org/en-US/docs/Web/JavaScript/Reference/Global_Objects/Int8Array
[INFO] [stdout] 4695 | |     Int8Array: i8,
[INFO] [stdout] ...    |
[INFO] [stdout] 4727 | |     Float64Array: f64,
[INFO] [stdout] 4728 | | }
[INFO] [stdout]      | |_- in this macro invocation
[INFO] [stdout]      |
[INFO] [stdout]      = note: this error originates in a macro (in Nightly builds, run with -Z macro-backtrace for more info)
[INFO] [stdout] 
[INFO] [stdout] 
[INFO] [stdout] error: first argument of method must be a path
[INFO] [stdout]     --> /opt/rustwide/cargo-home/registry/src/github.com-1ecc6299db9ec823/js-sys-0.3.27/src/lib.rs:4585:32
[INFO] [stdout]      |
[INFO] [stdout] 4585 |               pub fn fill(this: &$name, value: $ty, start: u32, end: u32) -> $name;
[INFO] [stdout]      |                                  ^^^^^
[INFO] [stdout] ...
[INFO] [stdout] 4692 | / arrays! {
[INFO] [stdout] 4693 | |     /// `Int8Array()`
[INFO] [stdout] 4694 | |     /// https://developer.mozilla.org/en-US/docs/Web/JavaScript/Reference/Global_Objects/Int8Array
[INFO] [stdout] 4695 | |     Int8Array: i8,
[INFO] [stdout] ...    |
[INFO] [stdout] 4727 | |     Float64Array: f64,
[INFO] [stdout] 4728 | | }
[INFO] [stdout]      | |_- in this macro invocation
[INFO] [stdout]      |
[INFO] [stdout]      = note: this error originates in a macro (in Nightly builds, run with -Z macro-backtrace for more info)
[INFO] [stdout] 
[INFO] [stdout] 
[INFO] [stdout] error: first argument of method must be a path
[INFO] [stdout]     --> /opt/rustwide/cargo-home/registry/src/github.com-1ecc6299db9ec823/js-sys-0.3.27/src/lib.rs:4590:34
[INFO] [stdout]      |
[INFO] [stdout] 4590 |               pub fn buffer(this: &$name) -> ArrayBuffer;
[INFO] [stdout]      |                                    ^^^^^
[INFO] [stdout] ...
[INFO] [stdout] 4692 | / arrays! {
[INFO] [stdout] 4693 | |     /// `Int8Array()`
[INFO] [stdout] 4694 | |     /// https://developer.mozilla.org/en-US/docs/Web/JavaScript/Reference/Global_Objects/Int8Array
[INFO] [stdout] 4695 | |     Int8Array: i8,
[INFO] [stdout] ...    |
[INFO] [stdout] 4727 | |     Float64Array: f64,
[INFO] [stdout] 4728 | | }
[INFO] [stdout]      | |_- in this macro invocation
[INFO] [stdout]      |
[INFO] [stdout]      = note: this error originates in a macro (in Nightly builds, run with -Z macro-backtrace for more info)
[INFO] [stdout] 
[INFO] [stdout] 
[INFO] [stdout] error: first argument of method must be a path
[INFO] [stdout]     --> /opt/rustwide/cargo-home/registry/src/github.com-1ecc6299db9ec823/js-sys-0.3.27/src/lib.rs:4595:36
[INFO] [stdout]      |
[INFO] [stdout] 4595 |               pub fn subarray(this: &$name, begin: u32, end: u32) -> $name;
[INFO] [stdout]      |                                      ^^^^^
[INFO] [stdout] ...
[INFO] [stdout] 4692 | / arrays! {
[INFO] [stdout] 4693 | |     /// `Int8Array()`
[INFO] [stdout] 4694 | |     /// https://developer.mozilla.org/en-US/docs/Web/JavaScript/Reference/Global_Objects/Int8Array
[INFO] [stdout] 4695 | |     Int8Array: i8,
[INFO] [stdout] ...    |
[INFO] [stdout] 4727 | |     Float64Array: f64,
[INFO] [stdout] 4728 | | }
[INFO] [stdout]      | |_- in this macro invocation
[INFO] [stdout]      |
[INFO] [stdout]      = note: this error originates in a macro (in Nightly builds, run with -Z macro-backtrace for more info)
[INFO] [stdout] 
[INFO] [stdout] 
[INFO] [stdout] error: first argument of method must be a path
[INFO] [stdout]     --> /opt/rustwide/cargo-home/registry/src/github.com-1ecc6299db9ec823/js-sys-0.3.27/src/lib.rs:4601:33
[INFO] [stdout]      |
[INFO] [stdout] 4601 |               pub fn slice(this: &$name, begin: u32, end: u32) -> $name;
[INFO] [stdout]      |                                   ^^^^^
[INFO] [stdout] ...
[INFO] [stdout] 4692 | / arrays! {
[INFO] [stdout] 4693 | |     /// `Int8Array()`
[INFO] [stdout] 4694 | |     /// https://developer.mozilla.org/en-US/docs/Web/JavaScript/Reference/Global_Objects/Int8Array
[INFO] [stdout] 4695 | |     Int8Array: i8,
[INFO] [stdout] ...    |
[INFO] [stdout] 4727 | |     Float64Array: f64,
[INFO] [stdout] 4728 | | }
[INFO] [stdout]      | |_- in this macro invocation
[INFO] [stdout]      |
[INFO] [stdout]      = note: this error originates in a macro (in Nightly builds, run with -Z macro-backtrace for more info)
[INFO] [stdout] 
[INFO] [stdout] 
[INFO] [stdout] error: first argument of method must be a path
[INFO] [stdout]     --> /opt/rustwide/cargo-home/registry/src/github.com-1ecc6299db9ec823/js-sys-0.3.27/src/lib.rs:4608:36
[INFO] [stdout]      |
[INFO] [stdout] 4608 |               pub fn for_each(this: &$name, callback: &mut dyn FnMut($ty, u32, $name));
[INFO] [stdout]      |                                      ^^^^^
[INFO] [stdout] ...
[INFO] [stdout] 4692 | / arrays! {
[INFO] [stdout] 4693 | |     /// `Int8Array()`
[INFO] [stdout] 4694 | |     /// https://developer.mozilla.org/en-US/docs/Web/JavaScript/Reference/Global_Objects/Int8Array
[INFO] [stdout] 4695 | |     Int8Array: i8,
[INFO] [stdout] ...    |
[INFO] [stdout] 4727 | |     Float64Array: f64,
[INFO] [stdout] 4728 | | }
[INFO] [stdout]      | |_- in this macro invocation
[INFO] [stdout]      |
[INFO] [stdout]      = note: this error originates in a macro (in Nightly builds, run with -Z macro-backtrace for more info)
[INFO] [stdout] 
[INFO] [stdout] 
[INFO] [stdout] error: first argument of method must be a path
[INFO] [stdout]     --> /opt/rustwide/cargo-home/registry/src/github.com-1ecc6299db9ec823/js-sys-0.3.27/src/lib.rs:4613:34
[INFO] [stdout]      |
[INFO] [stdout] 4613 |               pub fn length(this: &$name) -> u32;
[INFO] [stdout]      |                                    ^^^^^
[INFO] [stdout] ...
[INFO] [stdout] 4692 | / arrays! {
[INFO] [stdout] 4693 | |     /// `Int8Array()`
[INFO] [stdout] 4694 | |     /// https://developer.mozilla.org/en-US/docs/Web/JavaScript/Reference/Global_Objects/Int8Array
[INFO] [stdout] 4695 | |     Int8Array: i8,
[INFO] [stdout] ...    |
[INFO] [stdout] 4727 | |     Float64Array: f64,
[INFO] [stdout] 4728 | | }
[INFO] [stdout]      | |_- in this macro invocation
[INFO] [stdout]      |
[INFO] [stdout]      = note: this error originates in a macro (in Nightly builds, run with -Z macro-backtrace for more info)
[INFO] [stdout] 
[INFO] [stdout] 
[INFO] [stdout] error: first argument of method must be a path
[INFO] [stdout]     --> /opt/rustwide/cargo-home/registry/src/github.com-1ecc6299db9ec823/js-sys-0.3.27/src/lib.rs:4618:39
[INFO] [stdout]      |
[INFO] [stdout] 4618 |               pub fn byte_length(this: &$name) -> u32;
[INFO] [stdout]      |                                         ^^^^^
[INFO] [stdout] ...
[INFO] [stdout] 4692 | / arrays! {
[INFO] [stdout] 4693 | |     /// `Int8Array()`
[INFO] [stdout] 4694 | |     /// https://developer.mozilla.org/en-US/docs/Web/JavaScript/Reference/Global_Objects/Int8Array
[INFO] [stdout] 4695 | |     Int8Array: i8,
[INFO] [stdout] ...    |
[INFO] [stdout] 4727 | |     Float64Array: f64,
[INFO] [stdout] 4728 | | }
[INFO] [stdout]      | |_- in this macro invocation
[INFO] [stdout]      |
[INFO] [stdout]      = note: this error originates in a macro (in Nightly builds, run with -Z macro-backtrace for more info)
[INFO] [stdout] 
[INFO] [stdout] 
[INFO] [stdout] error: first argument of method must be a path
[INFO] [stdout]     --> /opt/rustwide/cargo-home/registry/src/github.com-1ecc6299db9ec823/js-sys-0.3.27/src/lib.rs:4623:39
[INFO] [stdout]      |
[INFO] [stdout] 4623 |               pub fn byte_offset(this: &$name) -> u32;
[INFO] [stdout]      |                                         ^^^^^
[INFO] [stdout] ...
[INFO] [stdout] 4692 | / arrays! {
[INFO] [stdout] 4693 | |     /// `Int8Array()`
[INFO] [stdout] 4694 | |     /// https://developer.mozilla.org/en-US/docs/Web/JavaScript/Reference/Global_Objects/Int8Array
[INFO] [stdout] 4695 | |     Int8Array: i8,
[INFO] [stdout] ...    |
[INFO] [stdout] 4727 | |     Float64Array: f64,
[INFO] [stdout] 4728 | | }
[INFO] [stdout]      | |_- in this macro invocation
[INFO] [stdout]      |
[INFO] [stdout]      = note: this error originates in a macro (in Nightly builds, run with -Z macro-backtrace for more info)
[INFO] [stdout] 
[INFO] [stdout] 
[INFO] [stdout] error: first argument of method must be a path
[INFO] [stdout]     --> /opt/rustwide/cargo-home/registry/src/github.com-1ecc6299db9ec823/js-sys-0.3.27/src/lib.rs:4628:31
[INFO] [stdout]      |
[INFO] [stdout] 4628 |               pub fn set(this: &$name, src: &JsValue, offset: u32);
[INFO] [stdout]      |                                 ^^^^^
[INFO] [stdout] ...
[INFO] [stdout] 4692 | / arrays! {
[INFO] [stdout] 4693 | |     /// `Int8Array()`
[INFO] [stdout] 4694 | |     /// https://developer.mozilla.org/en-US/docs/Web/JavaScript/Reference/Global_Objects/Int8Array
[INFO] [stdout] 4695 | |     Int8Array: i8,
[INFO] [stdout] ...    |
[INFO] [stdout] 4727 | |     Float64Array: f64,
[INFO] [stdout] 4728 | | }
[INFO] [stdout]      | |_- in this macro invocation
[INFO] [stdout]      |
[INFO] [stdout]      = note: this error originates in a macro (in Nightly builds, run with -Z macro-backtrace for more info)
[INFO] [stdout] 
[INFO] [stdout] 
[INFO] [stdout] error[E0433]: failed to resolve: use of undeclared type or module `Int8Array`
[INFO] [stdout]     --> /opt/rustwide/cargo-home/registry/src/github.com-1ecc6299db9ec823/js-sys-0.3.27/src/lib.rs:4695:5
[INFO] [stdout]      |
[INFO] [stdout] 4695 |     Int8Array: i8,
[INFO] [stdout]      |     ^^^^^^^^^ use of undeclared type or module `Int8Array`
[INFO] [stdout] 
[INFO] [stdout] 
[INFO] [stdout] error[E0433]: failed to resolve: use of undeclared type or module `Int16Array`
[INFO] [stdout]     --> /opt/rustwide/cargo-home/registry/src/github.com-1ecc6299db9ec823/js-sys-0.3.27/src/lib.rs:4699:5
[INFO] [stdout]      |
[INFO] [stdout] 4699 |     Int16Array: i16,
[INFO] [stdout]      |     ^^^^^^^^^^ use of undeclared type or module `Int16Array`
[INFO] [stdout] 
[INFO] [stdout] 
[INFO] [stdout] error[E0433]: failed to resolve: use of undeclared type or module `Int32Array`
[INFO] [stdout]     --> /opt/rustwide/cargo-home/registry/src/github.com-1ecc6299db9ec823/js-sys-0.3.27/src/lib.rs:4703:5
[INFO] [stdout]      |
[INFO] [stdout] 4703 |     Int32Array: i32,
[INFO] [stdout]      |     ^^^^^^^^^^ use of undeclared type or module `Int32Array`
[INFO] [stdout] 
[INFO] [stdout] 
[INFO] [stdout] error[E0433]: failed to resolve: use of undeclared type or module `Uint8Array`
[INFO] [stdout]     --> /opt/rustwide/cargo-home/registry/src/github.com-1ecc6299db9ec823/js-sys-0.3.27/src/lib.rs:4707:5
[INFO] [stdout]      |
[INFO] [stdout] 4707 |     Uint8Array: u8,
[INFO] [stdout]      |     ^^^^^^^^^^ use of undeclared type or module `Uint8Array`
[INFO] [stdout] 
[INFO] [stdout] 
[INFO] [stdout] error[E0433]: failed to resolve: use of undeclared type or module `Uint8ClampedArray`
[INFO] [stdout]     --> /opt/rustwide/cargo-home/registry/src/github.com-1ecc6299db9ec823/js-sys-0.3.27/src/lib.rs:4711:5
[INFO] [stdout]      |
[INFO] [stdout] 4711 |     Uint8ClampedArray: u8,
[INFO] [stdout]      |     ^^^^^^^^^^^^^^^^^ use of undeclared type or module `Uint8ClampedArray`
[INFO] [stdout] 
[INFO] [stdout] 
[INFO] [stdout] error[E0433]: failed to resolve: use of undeclared type or module `Uint16Array`
[INFO] [stdout]     --> /opt/rustwide/cargo-home/registry/src/github.com-1ecc6299db9ec823/js-sys-0.3.27/src/lib.rs:4715:5
[INFO] [stdout]      |
[INFO] [stdout] 4715 |     Uint16Array: u16,
[INFO] [stdout]      |     ^^^^^^^^^^^ use of undeclared type or module `Uint16Array`
[INFO] [stdout] 
[INFO] [stdout] 
[INFO] [stdout] error[E0433]: failed to resolve: use of undeclared type or module `Uint32Array`
[INFO] [stdout]     --> /opt/rustwide/cargo-home/registry/src/github.com-1ecc6299db9ec823/js-sys-0.3.27/src/lib.rs:4719:5
[INFO] [stdout]      |
[INFO] [stdout] 4719 |     Uint32Array: u32,
[INFO] [stdout]      |     ^^^^^^^^^^^ use of undeclared type or module `Uint32Array`
[INFO] [stdout] 
[INFO] [stdout] 
[INFO] [stdout] error[E0433]: failed to resolve: use of undeclared type or module `Float32Array`
[INFO] [stdout]     --> /opt/rustwide/cargo-home/registry/src/github.com-1ecc6299db9ec823/js-sys-0.3.27/src/lib.rs:4723:5
[INFO] [stdout]      |
[INFO] [stdout] 4723 |     Float32Array: f32,
[INFO] [stdout]      |     ^^^^^^^^^^^^ use of undeclared type or module `Float32Array`
[INFO] [stdout] 
[INFO] [stdout] 
[INFO] [stdout] error[E0433]: failed to resolve: use of undeclared type or module `Float64Array`
[INFO] [stdout]     --> /opt/rustwide/cargo-home/registry/src/github.com-1ecc6299db9ec823/js-sys-0.3.27/src/lib.rs:4727:5
[INFO] [stdout]      |
[INFO] [stdout] 4727 |     Float64Array: f64,
[INFO] [stdout]      |     ^^^^^^^^^^^^ use of undeclared type or module `Float64Array`
[INFO] [stdout] 
[INFO] [stdout] 
[INFO] [stdout] error[E0412]: cannot find type `Int32Array` in this scope
[INFO] [stdout]    --> /opt/rustwide/cargo-home/registry/src/github.com-1ecc6299db9ec823/js-sys-0.3.27/src/lib.rs:605:37
[INFO] [stdout]     |
[INFO] [stdout] 605 |         pub fn notify(typed_array: &Int32Array, index: u32) -> Result<u32, JsValue>;
[INFO] [stdout]     |                                     ^^^^^^^^^^ not found in this scope
[INFO] [stdout] 
[INFO] [stdout] 
[INFO] [stdout] error[E0412]: cannot find type `Int32Array` in this scope
[INFO] [stdout]    --> /opt/rustwide/cargo-home/registry/src/github.com-1ecc6299db9ec823/js-sys-0.3.27/src/lib.rs:610:27
[INFO] [stdout]     |
[INFO] [stdout] 610 |             typed_array: &Int32Array,
[INFO] [stdout]     |                           ^^^^^^^^^^ not found in this scope
[INFO] [stdout] 
[INFO] [stdout] 
[INFO] [stdout] error[E0412]: cannot find type `Int32Array` in this scope
[INFO] [stdout]    --> /opt/rustwide/cargo-home/registry/src/github.com-1ecc6299db9ec823/js-sys-0.3.27/src/lib.rs:649:35
[INFO] [stdout]     |
[INFO] [stdout] 649 |         pub fn wait(typed_array: &Int32Array, index: u32, value: i32) -> Result<JsString, JsValue>;
[INFO] [stdout]     |                                   ^^^^^^^^^^ not found in this scope
[INFO] [stdout] 
[INFO] [stdout] 
[INFO] [stdout] error[E0412]: cannot find type `Int32Array` in this scope
[INFO] [stdout]    --> /opt/rustwide/cargo-home/registry/src/github.com-1ecc6299db9ec823/js-sys-0.3.27/src/lib.rs:656:27
[INFO] [stdout]     |
[INFO] [stdout] 656 |             typed_array: &Int32Array,
[INFO] [stdout]     |                           ^^^^^^^^^^ not found in this scope
[INFO] [stdout] 
[INFO] [stdout] 
[INFO] [stdout] error[E0412]: cannot find type `Int8Array` in this scope
[INFO] [stdout]     --> /opt/rustwide/cargo-home/registry/src/github.com-1ecc6299db9ec823/js-sys-0.3.27/src/lib.rs:4695:5
[INFO] [stdout]      |
[INFO] [stdout] 4695 |     Int8Array: i8,
[INFO] [stdout]      |     ^^^^^^^^^ not found in this scope
[INFO] [stdout] 
[INFO] [stdout] 
[INFO] [stdout] error[E0412]: cannot find type `Int16Array` in this scope
[INFO] [stdout]     --> /opt/rustwide/cargo-home/registry/src/github.com-1ecc6299db9ec823/js-sys-0.3.27/src/lib.rs:4699:5
[INFO] [stdout]      |
[INFO] [stdout] 4699 |     Int16Array: i16,
[INFO] [stdout]      |     ^^^^^^^^^^ not found in this scope
[INFO] [stdout] 
[INFO] [stdout] 
[INFO] [stdout] error[E0412]: cannot find type `Int32Array` in this scope
[INFO] [stdout]     --> /opt/rustwide/cargo-home/registry/src/github.com-1ecc6299db9ec823/js-sys-0.3.27/src/lib.rs:4703:5
[INFO] [stdout]      |
[INFO] [stdout] 4703 |     Int32Array: i32,
[INFO] [stdout]      |     ^^^^^^^^^^ not found in this scope
[INFO] [stdout] 
[INFO] [stdout] 
[INFO] [stdout] error[E0412]: cannot find type `Uint8Array` in this scope
[INFO] [stdout]     --> /opt/rustwide/cargo-home/registry/src/github.com-1ecc6299db9ec823/js-sys-0.3.27/src/lib.rs:4707:5
[INFO] [stdout]      |
[INFO] [stdout] 4707 |     Uint8Array: u8,
[INFO] [stdout]      |     ^^^^^^^^^^ not found in this scope
[INFO] [stdout] 
[INFO] [stdout] 
[INFO] [stdout] error[E0412]: cannot find type `Uint8ClampedArray` in this scope
[INFO] [stdout]     --> /opt/rustwide/cargo-home/registry/src/github.com-1ecc6299db9ec823/js-sys-0.3.27/src/lib.rs:4711:5
[INFO] [stdout]      |
[INFO] [stdout] 4711 |     Uint8ClampedArray: u8,
[INFO] [stdout]      |     ^^^^^^^^^^^^^^^^^ not found in this scope
[INFO] [stdout] 
[INFO] [stdout] 
[INFO] [stdout] error[E0412]: cannot find type `Uint16Array` in this scope
[INFO] [stdout]     --> /opt/rustwide/cargo-home/registry/src/github.com-1ecc6299db9ec823/js-sys-0.3.27/src/lib.rs:4715:5
[INFO] [stdout]      |
[INFO] [stdout] 4715 |     Uint16Array: u16,
[INFO] [stdout]      |     ^^^^^^^^^^^ not found in this scope
[INFO] [stdout] 
[INFO] [stdout] 
[INFO] [stdout] error[E0412]: cannot find type `Uint32Array` in this scope
[INFO] [stdout]     --> /opt/rustwide/cargo-home/registry/src/github.com-1ecc6299db9ec823/js-sys-0.3.27/src/lib.rs:4719:5
[INFO] [stdout]      |
[INFO] [stdout] 4719 |     Uint32Array: u32,
[INFO] [stdout]      |     ^^^^^^^^^^^ not found in this scope
[INFO] [stdout] 
[INFO] [stdout] 
[INFO] [stdout] error[E0412]: cannot find type `Float32Array` in this scope
[INFO] [stdout]     --> /opt/rustwide/cargo-home/registry/src/github.com-1ecc6299db9ec823/js-sys-0.3.27/src/lib.rs:4723:5
[INFO] [stdout]      |
[INFO] [stdout] 4723 |     Float32Array: f32,
[INFO] [stdout]      |     ^^^^^^^^^^^^ not found in this scope
[INFO] [stdout] 
[INFO] [stdout] 
[INFO] [stdout] error[E0412]: cannot find type `Float64Array` in this scope
[INFO] [stdout]     --> /opt/rustwide/cargo-home/registry/src/github.com-1ecc6299db9ec823/js-sys-0.3.27/src/lib.rs:4727:5
[INFO] [stdout]      |
[INFO] [stdout] 4727 |     Float64Array: f64,
[INFO] [stdout]      |     ^^^^^^^^^^^^ not found in this scope
[INFO] [stdout] 
[INFO] [stdout] 
[INFO] [stdout] error: aborting due to 35 previous errors
[INFO] [stdout] 
[INFO] [stdout] 
[INFO] [stdout] Some errors have detailed explanations: E0412, E0433.
[INFO] [stdout] 
[INFO] [stdout] For more information about an error, try `rustc --explain E0412`.
[INFO] [stdout] 
[INFO] [stderr] error: could not compile `js-sys`.
[INFO] [stderr] 
[INFO] [stderr] To learn more, run the command again with --verbose.
[INFO] [stderr] warning: build failed, waiting for other jobs to finish...
[INFO] [stderr] error: build failed
[INFO] running `Command { std: "docker" "inspect" "3a2f6674b252191fc6418d59b94a7562f74eb4d5b3fc06dc4af504e44d96eb2b", kill_on_drop: false }`
[INFO] running `Command { std: "docker" "rm" "-f" "3a2f6674b252191fc6418d59b94a7562f74eb4d5b3fc06dc4af504e44d96eb2b", kill_on_drop: false }`
[INFO] [stdout] 3a2f6674b252191fc6418d59b94a7562f74eb4d5b3fc06dc4af504e44d96eb2b
